he greatest common divisor of 6441 and 20679.
339
What is the greatest common factor of 1263896 and 184?
184
Calculate the highest common factor of 1786 and 6422.
38
Calculate the highest common divisor of 50 and 18775.
25
What is the highest common factor of 5996 and 76?
4
What is the greatest common divisor of 600 and 658050?
150
What is the highest common factor of 4024 and 7880?
8
What is the greatest common factor of 195 and 17706?
39
Calculate the greatest common factor of 500 and 6175.
25
Calculate the highest common divisor of 7154 and 1078.
98
What is the greatest common divisor of 6 and 221136?
6
What is the greatest common factor of 4000 and 19625?
125
What is the highest common factor of 2592 and 52686?
18
What is the highest common divisor of 3654 and 8622?
18
What is the highest common divisor of 39497 and 254?
127
What is the highest common factor of 28413 and 7?
7
What is the highest common factor of 574 and 1764?
14
What is the highest common divisor of 13423398 and 276?
138
Calculate the greatest common divisor of 93457 and 375011.
1183
What is the highest common factor of 32394 and 24?
6
What is the highest common factor of 52593 and 88401?
1119
Calculate the highest common factor of 198 and 119097.
99
What is the highest common divisor of 88064 and 3096?
344
What is the greatest common divisor of 16 and 209368?
8
Calculate the greatest common factor of 1898 and 2158.
26
Calculate the highest common divisor of 3220 and 10304.
644
What is the highest common divisor of 179882 and 106?
106
What is the highest common divisor of 28 and 1612?
4
Calculate the highest common factor of 12 and 304890.
6
Calculate the greatest common divisor of 22 and 316.
2
Calculate the highest common divisor of 572 and 196592.
44
Calculate the highest common factor of 116028 and 396.
396
Calculate the highest common divisor of 20440 and 2590.
70
What is the greatest common divisor of 206 and 2888?
2
Calculate the greatest common factor of 1416 and 24504.
24
What is the highest common factor of 3351173 and 7?
7
What is the greatest common factor of 360652 and 8?
4
Calculate the greatest common factor of 206 and 101867.
103
What is the greatest common factor of 23 and 27945?
23
Calculate the highest common factor of 360656 and 32.
16
Calculate the greatest common factor of 9564 and 2.
2
Calculate the greatest common divisor of 8376 and 49224.
24
Calculate the highest common factor of 114352 and 1008.
112
What is the highest common factor of 201685 and 380?
95
What is the highest common factor of 16112 and 513?
19
Calculate the highest common factor of 3444055 and 662.
331
What is the greatest common divisor of 7 and 500472?
7
Calculate the highest common factor of 258426 and 13478.
586
Calculate the highest common factor of 8840 and 17095.
65
What is the highest common factor of 810 and 68121?
81
What is the highest common divisor of 6 and 256923?
3
What is the greatest common divisor of 387672 and 3480?
696
What is the greatest common divisor of 9563 and 2117?
73
What is the highest common factor of 2072 and 43697?
37
Calculate the highest common divisor of 7268 and 41147.
23
Calculate the greatest common divisor of 2022866 and 58.
58
Calculate the highest common divisor of 4458239 and 331.
331
Calculate the greatest common factor of 5698 and 28231.
259
Calculate the highest common divisor of 1027340 and 124.
124
What is the greatest common divisor of 1022786 and 820?
82
What is the greatest common divisor of 96530 and 14455?
245
Calculate the greatest common factor of 786555 and 140.
35
Calculate the highest common factor of 1469310 and 170.
170
What is the greatest common factor of 242 and 74657?
121
Calculate the greatest common factor of 148 and 710252.
148
What is the highest common factor of 6 and 18?
6
What is the highest common factor of 304545 and 2765?
395
What is the highest common divisor of 38 and 63194?
38
What is the highest common divisor of 163 and 270254?
163
Calculate the greatest common divisor of 533591 and 47.
47
What is the greatest common factor of 77 and 269379?
11
Calculate the greatest common factor of 13340 and 15660.
580
Calculate the greatest common divisor of 9468 and 63.
9
What is the highest common factor of 712 and 53044?
356
What is the highest common factor of 122042 and 19316?
878
Calculate the greatest common divisor of 34671 and 65247.
273
What is the highest common factor of 126 and 63720?
18
What is the greatest common factor of 80 and 6105?
5
What is the highest common divisor of 96 and 3227808?
96
What is the highest common divisor of 514244 and 944?
236
Calculate the highest common divisor of 143400 and 2250.
150
Calculate the greatest common divisor of 434 and 9424.
62
Calculate the highest common factor of 751 and 192256.
751
Calculate the greatest common divisor of 1029 and 83251.
49
What is the highest common divisor of 2059663 and 307?
307
Calculate the greatest common divisor of 50 and 209870.
10
Calculate the highest common divisor of 11 and 195019.
11
Calculate the greatest common factor of 2478714 and 294.
294
What is the greatest common factor of 3479981 and 1193?
1193
What is the greatest common factor of 300 and 38300?
100
Calculate the greatest common factor of 24 and 221196.
12
Calculate the highest common factor of 284 and 418119.
71
What is the greatest common factor of 528656 and 36613?
893
What is the highest common factor of 334151 and 778?
389
Calculate the highest common factor of 2318 and 202886.
122
What is the highest common divisor of 64527 and 8949?
471
Calculate the highest common factor of 27 and 6483.
3
What is the highest common divisor of 132 and 156?
12
What is the greatest common factor of 2744 and 1904?
56
Calculate the highest common divisor of 1432 and 944.
8
What is the greatest common factor of 1651 and 19643?
13
What is the highest common factor of 1417479 and 84?
21
Calculate the highest common divisor of 73 and 30222.
73
What is the highest common divisor of 144 and 16224?
48
Calculate the highest common factor of 83112 and 84.
12
What is the highest common divisor of 720785 and 23660?
845
What is the greatest common factor of 104 and 269464?
104
What is the greatest common factor of 99072 and 16704?
576
What is the highest common divisor of 754 and 2057666?
754
Calculate the greatest common divisor of 292113 and 698.
349
Calculate the greatest common factor of 210550 and 325.
25
What is the highest common factor of 3298 and 11834?
194
What is the highest common factor of 82 and 1819826?
82
Calculate the highest common divisor of 939 and 7760835.
939
What is the highest common factor of 280 and 152495?
35
What is the highest common factor of 135936 and 56?
8
What is the greatest common divisor of 448 and 906556?
28
What is the highest common divisor of 759 and 437?
23
Calculate the highest common divisor of 21250 and 510.
170
What is the highest common divisor of 97440 and 360?
120
Calculate the greatest common divisor of 171 and 588012.
57
Calculate the greatest common factor of 7125 and 75.
75
What is the highest common divisor of 12 and 1150?
2
What is the highest common divisor of 143078 and 26?
26
Calculate the highest common factor of 69350 and 438.
146
Calculate the highest common divisor of 8055 and 831455.
895
Calculate the highest common divisor of 1461990 and 90.
30
Calculate the greatest common divisor of 68 and 660025.
17
Calculate the highest common divisor of 503890 and 41.
41
What is the greatest common divisor of 189 and 3934?
7
What is the greatest common factor of 316 and 1207436?
316
What is the highest common factor of 1332 and 22896?
36
What is the greatest common divisor of 114688 and 14?
14
Calculate the highest common factor of 92 and 150184.
4
Calculate the greatest common factor of 36 and 5368446.
18
Calculate the highest common divisor of 110 and 140870.
10
Calculate the greatest common factor of 3276 and 2426697.
819
Calculate the highest common divisor of 7798 and 70739.
557
Calculate the highest common divisor of 290 and 2233.
29
Calculate the greatest common factor of 496518 and 132.
66
What is the greatest common factor of 1325450 and 8656?
1082
What is the highest common factor of 9958 and 415938?
766
What is the greatest common